42
Convert 202001300012 (base 4) to base 16.
881c06
What is -231303010 (base 4) in base 16?
-2dcc4
What is -1891d (base 16) in base 8?
-304435
Convert -6310020 (base 7) to base 14.
-15a710
What is -110b8 (base 14) in base 2?
-1010000101101010
-504521 (base 8) to base 16
-28951
What is 704723 (base 8) in base 15?
48a96
Convert -194f32 (base 16) to base 12.
-67ba6a
11101111100010011010001 (base 2) to base 7
123500606
What is 533421443 (base 6) in base 5?
4402140224
Convert -51490 (base 13) to base 10.
-145795
Convert 807693 (base 12) to base 4.
13221030033
Convert 10011000010010010001100 (base 2) to base 14.
93c792
What is -4c1d2 (base 15) in base 13?
-86a4a
-210479 (base 10) to base 13
-74a59
What is 1100011220 (base 3) in base 12?
13320
-2b7a74 (base 13) to base 10
-1073921
-22203512 (base 7) to base 12
-785655
What is 1837215 (base 10) in base 4?
13000202133
What is -24303646 (base 8) in base 9?
-11043364
What is -13100212 (base 5) in base 2?
-11111010010110110
-1110606 (base 9) to base 3
-1010100200020
What is 1221331332 (base 4) in base 15?
88916
Convert -7b393 (base 13) to base 4.
-312313101
What is 2213020000 (base 4) in base 14?
13b680
What is 132323211 (base 4) in base 13?
45888
Convert 11110000111100101101 (base 2) to base 3.
1212010210210
-130536 (base 8) to base 7
-246244
-10110111000111111 (base 2) to base 16
-16e3f
Convert 134850 (base 13) to base 14.
c2381
46202 (base 9) to base 14
b30a
Convert -2630261 (base 8) to base 15.
-e745b
What is 48111 (base 12) in base 9?
156854
Convert 212530211 (base 6) to base 10.
3775327
Convert -52aa5a (base 14) to base 9.
-5230545
-1e9a8c (base 15) to base 3
-2211020211020
32323 (base 4) to base 13
586
What is -23223110 (base 6) in base 16?
-af752
What is -401333 (base 6) in base 4?
-13223121
What is -55102635 (base 8) in base 10?
-11830685
Convert 64307 (base 8) to base 7.
141126
1331023131 (base 4) to base 14
d4bdb
98072 (base 10) to base 15
1e0d2
Convert -5353430 (base 8) to base 3.
-2200201101212
What is 15665330 (base 7) in base 9?
2780248
Convert -97825 (base 11) to base 6.
-3013441
Convert 1100000010110000000 (base 2) to base 13.
10a809
-1033120102 (base 4) to base 3
-121112000011
What is -31541062 (base 7) in base 16?
-28edc0
Convert -11001001101111101001000 (base 2) to base 11.
-3805842
1010001100110010000 (base 2) to base 3
121222110200
Convert -1533311 (base 6) to base 4.
-112001023
What is d25db1 (base 15) in base 10?
9993091
480580 (base 12) to base 8
4335460
Convert 20022201012 (base 3) to base 10.
124448
101010110011101010101 (base 2) to base 5
324341314
1829c0 (base 16) to base 13
435a19
d25734 (base 14) to base 8
33013242
-311562 (base 9) to base 2
-101101001001000010
-326656 (base 7) to base 2
-1110000100010000
4246363 (base 7) to base 16
7dfe0
What is -969 (base 11) in base 8?
-2214
What is -72051 (base 8) in base 11?
-20384
-111113021 (base 4) to base 2
-10101010111001001
Convert -60c03 (base 16) to base 13.
-10b4bc
What is -41211304 (base 5) in base 3?
-122000210222
-1010010001101010 (base 2) to base 3
-2010201220
What is -3224663 (base 7) in base 2?
-1011111111101110010
3716a (base 13) to base 14
28cd1
What is 2d43 (base 16) in base 3?
120220011
2846152 (base 12) to base 4
132232311032
190953 (base 10) to base 13
68bb9
What is 11111000100111010100 (base 2) in base 5?
230041244
What is 554480 (base 9) in base 13?
b7a95
Convert 28886a (base 11) to base 4.
1232011222
What is -774742 (base 11) in base 7?
-13335451
Convert 2ea39 (base 15) to base 12.
73330
64675 (base 14) to base 15
4bdd6
Convert -2121102332 (base 4) to base 10.
-627902
Convert -101011011000110001011 (base 2) to base 7.
-15040630
Convert -9a2701 (base 11) to base 5.
-402140004
Convert -1194705 (base 11) to base 14.
-3bc80d
78368 (base 11) to base 2
11011101110100100
-37c767 (base 16) to base 5
-1413434102
What is -20111111122011 (base 3) in base 10?
-3454465
359b4a (base 12) to base 2
11010011110000101010
What is 5001030 (base 6) in base 5?
24433024
What is 10110011110010001 (base 2) in base 16?
16791
Convert -23ca4 (base 15) to base 10.
-114229
Convert -1000111010101101001 (base 2) to base 7.
-2324620
Convert 14798a2 (base 11) to base 7.
30341626
a139 (base 16) to base 4
22010321
-3315667 (base 8) to base 13
-252c15
What is -143221342 (base 5) in base 13?
-206b74
1110111000011101 (base 2) to base 15
130dc
-11100100010110001111010 (base 2) to base 10
-7482490
Convert -515242424 (base 6) to base 7.
-135632431
-1112113244 (base 5) to base 3
-11121211211000
What is -2244344123 (base 5) in base 3?
-100112211110202
What is 11100012201 (base 3) in base 8?
246707
What is -10918 (base 13) in base 5?
-1430403
-2266a98 (base 11) to base 3
-21110022100120
What is -521141 (base 6) in base 2?
-1010001100010101
52367 (base 14) to base 16
30667
-300313133 (base 4) to base 2
-110000110111011111
211020022202101 (base 3) to base 14
17d8290
b8380 (base 14) to base 9
747657
-12022012102121 (base 3) to base 5
-1210144002
-2004400400 (base 5) to base 14
-758d02
-155427 (base 8) to base 14
-16623
Convert -1145188 (base 10) to base 15.
-1794ad
What is aac892 (base 13) in base 5?
2012321000
What is 78068 (base 12) in base 8?
466520
Convert -21431631 (base 8) to base 15.
-60d2a4
What is -10101101110100000110 (base 2) in base 12?
-2a4006
-4203451 (base 7) to base 10
-505471
Convert 31001132120 (base 4) to base 12.
1187788
What is -2442161 (base 7) in base 2?
-1001100011001001100
What is 20119 (base 13) in base 12?
29201
What is 7d5f0 (base 16) in base 3?
222002102021
What is 443415 (base 8) in base 16?
2470d
-1175574 (base 8) to base 9
-546814
1121331300 (base 4) to base 16
59f70
Convert 729633 (base 10) to base 16.
b2221
What is -150100423 (base 6) in base 11?
-1819534
-285c6 (base 15) to base 8
-375031
What is -3402002213 (base 5) in base 9?
-15020162
What is 256a489 (base 12) in base 16?
704829
7de8 (base 15) to base 8
64220
What is -14116 (base 11) in base 4?
-10322013
Convert -8725174 (base 9) to base 2.
-10001110111000000111010
Convert 12448 (base 12) to base 4.
12003320
100211102211 (base 3) to base 4
233033200
Convert 1d6ce1 (base 15) to base 11.
8a4432
What is 88a15b (base 16) in base 13?
1b1685b
Convert -7c44d (base 15) to base 14.
-a438c
What is -40bc4c (base 15) in base 6?
-145543113
122113100 (base 4) to base 9
174112
Convert 31324033 (base 5) to base 6.
5332555
-6376ba (base 12) to base 14
-2cb778
-124033111 (base 5) to base 10
-611656
What is 11543571 (base 8) in base 6?
130245521
-3010414402 (base 5) to base 9
-12170484
Convert 14070440 (base 9) to base 3.
111002100111100
Convert 25151514 (base 7) to base 10.
2264742
265752 (base 14) to base 10
1321308
Convert 12523530 (base 6) to base 15.
831e6
Convert -1000101010011110 (base 2) to base 7.
-205313
Convert -30160 (base 15) to base 5.
-14332230
Convert 29186 (base 13) to base 3.
10220212022
Convert -11213342 (base 6) to base 4.
-1110002132
What is -22020211020 (base 3) in base 10?
-162438
Convert 4188211 (base 9) to base 11.
12a2479
-3a7323 (base 11) to base 16
-9c124
What is -56733c (base 14) in base 9?
-5470163
Convert 152713 (base 13) to base 6.
15045551
What is -12011304 (base 6) in base 10?
-374872
Convert -35112330 (base 7) to base 8.
-13575430
Convert -8570195 (base 11) to base 9.
-31334441
Convert -144331 (base 9) to base 3.
-11111101001
Convert -10110100011101010 (base 2) to base 9.
-150660
What is -198852 (base 12) in base 2?
-1101101111110111110
Convert 110100021212121 (base 3) to base 6.
352335111
-3323404 (base 6) to base 15
-345c4
Convert b0668a (base 12) to base 13.
753034
Convert 1863d40 (base 14) to base 15.
10d74c5
-320104100 (base 5) to base 7
-14214504
Convert 2063106 (base 7) to base 12.
101170
-13514061 (base 7) to base 12
-50b819
15120435 (base 6) to base 12
21311b
-29aa7 (base 14) to base 15
-20a90
10212200020201 (base 3) to base 14
3b8bcb
Convert 38a301 (base 15) to base 13.
741c25
What is -213ffa (base 16) in base 2?
-1000010011111111111010
Convert -1175718 (base 9) to base 6.
-21421542
What is 23441232 (base 5) in base 4?
311103031
1001010101001111111010 (base 2) to base 5
1111240310
Convert -5307275 (base 8) to base 3.
-2122202222211
-1324000 (base 5) to base 11
-19109
-1030013043 (base 5) to base 4
-20112103223
-118628 (base 11) to base 2
-101